is the hundreds digit of 399693?
6
What is the ten thousands digit of 128618?
2
What is the ten thousands digit of 16340415?
4
What is the hundred thousands digit of 10223475?
2
What is the units digit of 2683085?
5
What is the hundreds digit of 1658169?
1
What is the units digit of 852388?
8
What is the millions digit of 34756842?
4
What is the units digit of 1547890?
0
What is the hundreds digit of 383896?
8
What is the tens digit of 39075?
7
What is the ten thousands digit of 1197252?
9
What is the thousands digit of 10140065?
0
What is the tens digit of 608?
0
What is the units digit of 467161?
1
What is the units digit of 1795419?
9
What is the hundreds digit of 7875279?
2
What is the ten thousands digit of 560427?
6
What is the ten thousands digit of 2433013?
3
What is the ten thousands digit of 1111053?
1
What is the tens digit of 4025443?
4
What is the hundreds digit of 475073?
0
What is the tens digit of 993510?
1
What is the hundred thousands digit of 2343181?
3
What is the tens digit of 1817821?
2
What is the hundreds digit of 240840?
8
What is the units digit of 885572?
2
What is the units digit of 204545?
5
What is the tens digit of 2043261?
6
What is the tens digit of 366661?
6
What is the tens digit of 179618?
1
What is the tens digit of 219549?
4
What is the ten thousands digit of 2842475?
4
What is the thousands digit of 2956439?
6
What is the hundred thousands digit of 5063940?
0
What is the units digit of 151282?
2
What is the units digit of 413424?
4
What is the hundreds digit of 226972?
9
What is the millions digit of 5535927?
5
What is the tens digit of 606300?
0
What is the units digit of 13351?
1
What is the units digit of 1013326?
6
What is the millions digit of 9810596?
9
What is the ten thousands digit of 675754?
7
What is the hundred thousands digit of 33010478?
0
What is the millions digit of 2924984?
2
What is the tens digit of 41998?
9
What is the hundreds digit of 5822523?
5
What is the ten thousands digit of 3964753?
6
What is the hundred thousands digit of 1015875?
0
What is the hundreds digit of 17248214?
2
What is the tens digit of 273371?
7
What is the ten thousands digit of 3550016?
5
What is the tens digit of 422055?
5
What is the hundreds digit of 7012657?
6
What is the units digit of 21158044?
4
What is the hundred thousands digit of 1046276?
0
What is the tens digit of 21758?
5
What is the hundreds digit of 7533431?
4
What is the hundred thousands digit of 6729363?
7
What is the thousands digit of 13846564?
6
What is the thousands digit of 203453?
3
What is the ten thousands digit of 165635?
6
What is the thousands digit of 1915225?
5
What is the thousands digit of 4327428?
7
What is the ten thousands digit of 1993829?
9
What is the tens digit of 389384?
8
What is the thousands digit of 3816183?
6
What is the hundred thousands digit of 484976?
4
What is the hundred thousands digit of 24106450?
1
What is the units digit of 57428?
8
What is the hundred thousands digit of 3755231?
7
What is the ten thousands digit of 76021?
7
What is the millions digit of 9845033?
9
What is the thousands digit of 5840643?
0
What is the units digit of 642701?
1
What is the units digit of 632610?
0
What is the units digit of 473509?
9
What is the thousands digit of 3416534?
6
What is the thousands digit of 495270?
5
What is the tens digit of 2447841?
4
What is the thousands digit of 3155163?
5
What is the millions digit of 12026502?
2
What is the ten thousands digit of 14889846?
8
What is the tens digit of 4761623?
2
What is the hundreds digit of 2244420?
4
What is the hundreds digit of 679228?
2
What is the hundreds digit of 4844487?
4
What is the tens digit of 17114?
1
What is the units digit of 88244?
4
What is the hundreds digit of 12131081?
0
What is the hundreds digit of 128195?
1
What is the hundred thousands digit of 378831?
3
What is the thousands digit of 872125?
2
What is the tens digit of 207219?
1
What is the hundred thousands digit of 8773049?
7
What is the ten thousands digit of 197961?
9
What is the thousands digit of 569625?
9
What is the ten thousands digit of 1313146?
1
What is the thousands digit of 1379362?
9
What is the hundred thousands digit of 1912795?
9
What is the ten thousands digit of 12532971?
3
What is the thousands digit of 1000752?
0
What is the hundreds digit of 870402?
4
What is the hundreds digit of 1479180?
1
What is the ten thousands digit of 158453?
5
What is the tens digit of 2579315?
1
What is the hundreds digit of 12049894?
8
What is the units digit of 2242040?
0
What is the hundreds digit of 186598?
5
What is the thousands digit of 8574597?
4
What is the hundreds digit of 562870?
8
What is the hundred thousands digit of 335412?
3
What is the hundreds digit of 4768915?
9
What is the hundreds digit of 740936?
9
What is the hundreds digit of 45033?
0
What is the millions digit of 1395218?
1
What is the hundreds digit of 2907724?
7
What is the ten millions digit of 16347093?
1
What is the tens digit of 2917753?
5
What is the hundreds digit of 1617294?
2
What is the thousands digit of 17869955?
9
What is the tens digit of 96397?
9
What is the units digit of 190276?
6
What is the tens digit of 823903?
0
What is the hundreds digit of 7414898?
8
What is the millions digit of 3727017?
3
What is the units digit of 588223?
3
What is the tens digit of 669764?
6
What is the units digit of 534508?
8
What is the tens digit of 12082996?
9
What is the thousands digit of 20512147?
2
What is the hundreds digit of 3717558?
5
What is the tens digit of 306702?
0
What is the units digit of 216376?
6
What is the units digit of 408106?
6
What is the thousands digit of 3200?
3
What is the millions digit of 35780693?
5
What is the ten millions digit of 13893656?
1
What is the thousands digit of 4092364?
2
What is the hundred thousands digit of 6592111?
5
What is the tens digit of 942650?
5
What is the units digit of 6211338?
8
What is the hundred thousands digit of 12721235?
7
What is the units digit of 80807?
7
What is the ten thousands digit of 6900154?
0
What is the thousands digit of 698282?
8
What is the units digit of 1705867?
7
What is the hundred thousands digit of 8720839?
7
What is the units digit of 1181269?
9
What is the tens digit of 1357080?
8
What is the thousands digit of 10234911?
4
What is the hundred thousands digit of 310321?
3
What is the hundreds digit of 362495?
4
What is the hundred thousands digit of 163626?
1
What is the millions digit of 4062934?
4
What is the ten thousands digit of 12294969?
9
What is the ten millions digit of 33111474?
3
What is the thousands digit of 90181?
0
What is the millions digit of 2996982?
2
What is the millions digit of 11613367?
1
What is the hundreds digit of 593415?
4
What is the hundred thousands digit of 285354?
2
What is the hundreds digit of 22574060?
0
What is the tens digit of 507105?
0
What is the tens digit of 691453?
5
What is the ten thousands digit of 5781711?
8
What is the thousands digit of 1474212?
4
What is the hundred thousands digit of 861277?
8
What is the ten millions digit of 12675510?
1
What is the thousands digit of 827005?
7
What is the units digit of 320716?
6
What is the tens digit of 163700?
0
What is the hundred thousands digit of 215249?
2
What is the hundred thousands digit of 438991?
4
What is the hundreds digit of 2448762?
7
What is the hundreds digit of 2792643?
6
What is the millions digit of 1408209?
1
What is the hundreds digit of 195658?
6
What is the hundreds digit of 22755261?
2
What is the thousands digit of 3066435?
6
What is the hundred thousands digit of 864842?
8
What is the ten thousands digit of 83531?
8
What is the ten thousands digit of 7355610?
5
What is the ten thousands digit of 14440138?
4
What is the ten thousands digit of 3472352?
7
What is the tens digit of 1488456?
5
What is the ten thousands digit of 2242491?
4
What is the hundred thousands digit of 284642?
2
What is the tens digit of 832521?
2
What is the millions digit of 1101407?
1
What is the tens digit of 248716?
1
What is the millions digit of 1533753?
1
What is the millions digit of 2046335?
2
What is the units digit of 222636?
6
What is the ten thousands digit of 64707?
6
What is the thousands digit of 19047?
9
What is the hundreds 